e remainder when 1918 is divided by 668?
582
What is the remainder when 18842 is divided by 9421?
0
What is the remainder when 2623 is divided by 253?
93
What is the remainder when 3846 is divided by 619?
132
Calculate the remainder when 2851 is divided by 72.
43
Calculate the remainder when 4155 is divided by 100.
55
Calculate the remainder when 83415 is divided by 413.
402
What is the remainder when 734 is divided by 243?
5
What is the remainder when 1081983 is divided by 910?
903
What is the remainder when 149105 is divided by 59?
12
Calculate the remainder when 11537 is divided by 1897.
155
Calculate the remainder when 1509 is divided by 55.
24
Calculate the remainder when 78500 is divided by 27.
11
Calculate the remainder when 2579862 is divided by 644.
642
What is the remainder when 3514 is divided by 637?
329
Calculate the remainder when 1198 is divided by 27.
10
What is the remainder when 22861 is divided by 48?
13
What is the remainder when 7098 is divided by 435?
138
Calculate the remainder when 17226 is divided by 2870.
6
Calculate the remainder when 1010 is divided by 527.
483
Calculate the remainder when 40825 is divided by 17.
8
Calculate the remainder when 1928 is divided by 102.
92
What is the remainder when 13098 is divided by 50?
48
Calculate the remainder when 19988 is divided by 12.
8
What is the remainder when 4491 is divided by 1018?
419
Calculate the remainder when 229827 is divided by 7.
3
What is the remainder when 3573 is divided by 594?
9
Calculate the remainder when 1308965 is divided by 14.
7
Calculate the remainder when 578653 is divided by 45.
43
What is the remainder when 215600 is divided by 440?
0
Calculate the remainder when 5837 is divided by 269.
188
Calculate the remainder when 12242 is divided by 6103.
36
What is the remainder when 101547 is divided by 106?
105
What is the remainder when 14754 is divided by 2033?
523
What is the remainder when 2216 is divided by 893?
430
What is the remainder when 4914 is divided by 1626?
36
Calculate the remainder when 14950 is divided by 141.
4
Calculate the remainder when 22980 is divided by 56.
20
What is the remainder when 34521 is divided by 202?
181
Calculate the remainder when 10597 is divided by 171.
166
What is the remainder when 8830700 is divided by 51?
50
What is the remainder when 2386 is divided by 297?
10
What is the remainder when 38013 is divided by 44?
41
What is the remainder when 2105662 is divided by 16?
14
What is the remainder when 118079 is divided by 48?
47
Calculate the remainder when 7878071 is divided by 408.
407
What is the remainder when 6770 is divided by 141?
2
What is the remainder when 3024 is divided by 845?
489
Calculate the remainder when 10327 is divided by 82.
77
What is the remainder when 9713 is divided by 1942?
3
Calculate the remainder when 17300 is divided by 73.
72
Calculate the remainder when 1677 is divided by 1601.
76
Calculate the remainder when 2755 is divided by 395.
385
What is the remainder when 43084 is divided by 388?
16
Calculate the remainder when 2770 is divided by 786.
412
Calculate the remainder when 17308 is divided by 16.
12
Calculate the remainder when 144184 is divided by 144183.
1
Calculate the remainder when 164913 is divided by 54.
51
What is the remainder when 660911 is divided by 33?
20
Calculate the remainder when 635243 is divided by 25.
18
What is the remainder when 77532 is divided by 8612?
24
What is the remainder when 7045 is divided by 21?
10
What is the remainder when 5689 is divided by 479?
420
What is the remainder when 339982 is divided by 1382?
10
Calculate the remainder when 6042 is divided by 1503.
30
What is the remainder when 140557 is divided by 8?
5
Calculate the remainder when 7015 is divided by 106.
19
Calculate the remainder when 159171 is divided by 12.
3
Calculate the remainder when 599631 is divided by 35271.
24
What is the remainder when 511884 is divided by 1391?
1387
What is the remainder when 7938 is divided by 18?
0
What is the remainder when 8433 is divided by 761?
62
What is the remainder when 485 is divided by 150?
35
Calculate the remainder when 7129 is divided by 107.
67
What is the remainder when 59067 is divided by 330?
327
What is the remainder when 2614 is divided by 1452?
1162
Calculate the remainder when 3663 is divided by 193.
189
Calculate the remainder when 9391 is divided by 448.
431
What is the remainder when 55473 is divided by 1095?
723
What is the remainder when 62264 is divided by 339?
227
Calculate the remainder when 65616 is divided by 35.
26
Calculate the remainder when 5965 is divided by 2969.
27
Calculate the remainder when 584770 is divided by 28.
18
What is the remainder when 22522 is divided by 131?
121
Calculate the remainder when 8833 is divided by 1460.
73
Calculate the remainder when 1169 is divided by 369.
62
What is the remainder when 29865 is divided by 14932?
1
Calculate the remainder when 59301 is divided by 29.
25
Calculate the remainder when 638968 is divided by 35.
8
Calculate the remainder when 31147 is divided by 3892.
11
What is the remainder when 80388 is divided by 10?
8
What is the remainder when 17666 is divided by 17542?
124
Calculate the remainder when 46311 is divided by 60.
51
What is the remainder when 242783 is divided by 48548?
43
Calculate the remainder when 1353 is divided by 162.
57
Calculate the remainder when 741 is divided by 479.
262
Calculate the remainder when 41610 is divided by 334.
194
What is the remainder when 8288 is divided by 1138?
322
What is the remainder when 4715935 is divided by 68?
67
Calculate the remainder when 12059 is divided by 104.
99
What is the remainder when 11306251 is divided by 1491?
1489
Calculate the remainder when 757 is divided by 571.
186
Calculate the remainder when 531 is divided by 184.
163
What is the remainder when 1595 is divided by 463?
206
Calculate the remainder when 14924 is divided by 2131.
7
Calculate the remainder when 1274617 is divided by 27.
1
What is the remainder when 26331 is divided by 580?
231
Calculate the remainder when 45380 is divided by 11345.
0
What is the remainder when 5103798 is divided by 676?
674
Calculate the remainder when 576 is divided by 283.
10
Calculate the remainder when 3927 is divided by 1911.
105
Calculate the remainder when 1460 is divided by 109.
43
What is the remainder when 113595 is divided by 9?
6
What is the remainder when 68059 is divided by 84?
19
Calculate the remainder when 81071 is divided by 26.
3
What is the remainder when 57458 is divided by 580?
38
Calculate the remainder when 6704 is divided by 1671.
20
What is the remainder when 4519 is divided by 193?
80
What is the remainder when 173904 is divided by 258?
12
What is the remainder when 3434 is divided by 31?
24
What is the remainder when 1158113 is divided by 251?
250
What is the remainder when 713065 is divided by 161?
157
Calculate the remainder when 1571 is divided by 748.
75
What is the remainder when 424646 is divided by 49?
12
Calculate the remainder when 95883 is divided by 29.
9
What is the remainder when 464 is divided by 280?
184
Calculate the remainder when 2425 is divided by 27.
22
What is the remainder when 185892 is divided by 13?
5
Calculate the remainder when 1443 is divided by 1410.
33
What is the remainder when 475 is divided by 15?
10
Calculate the remainder when 701 is divided by 32.
29
Calculate the remainder when 9057 is divided by 1887.
1509
Calculate the remainder when 3169 is divided by 214.
173
Calculate the remainder when 15489 is divided by 102.
87
Calculate the remainder when 10463 is divided by 620.
543
Calculate the remainder when 165001 is divided by 54965.
106
Calculate the remainder when 86649 is divided by 32.
25
Calculate the remainder when 1825 is divided by 184.
169
What is the remainder when 134235 is divided by 44743?
6
Calculate the remainder when 254945 is divided by 812.
789
What is the remainder when 5039 is divided by 674?
321
What is the remainder when 8016 is divided by 505?
441
What is the remainder when 22645 is divided by 302?
297
What is the remainder when 393043 is divided by 13553?
6
What is the remainder when 896 is divided by 39?
38
What is the remainder when 1378 is divided by 153?
1
What is the remainder when 9